mmon factor of i and z?
9
Let k be (3/(-2))/((-1)/10). Suppose -2*c + 5*f + 132 = 0, -6 = 2*f + f. Let t = 106 - c. Calculate the greatest common divisor of k and t.
15
Let l = 46 + -64. Let s = l - -10. Let t be (4 + -6)/(1/s). Calculate the greatest common factor of t and 4.
4
Suppose -b + 4*y + 25 + 155 = 0, 0 = b + 4*y - 212. What is the highest common factor of b and 4?
4
Let j = -94 + 539. Calculate the greatest common divisor of j and 89.
89
Let i be (-801)/(-18) - (0 + 2/(-4)). What is the highest common divisor of 15 and i?
15
Let b = 287 - -19. Calculate the highest common factor of b and 34.
34
Let z be 2*3/2*7. Suppose 0 = 5*f - 19 - z. Let d be 27 - -5 - (16/(-2))/(-2 + 1). What is the greatest common factor of d and f?
8
Suppose -1071 = -31*h + 231. What is the highest common divisor of h and 28?
14
Let n be 3/(9/(-874)*(-82)/123). Calculate the greatest common divisor of 23 and n.
23
Suppose -z - 66 = -3*y, -3*y - z + 58 = -2. Calculate the greatest common divisor of 231 and y.
21
Let l = 118 + -69. Suppose 5*f = -4*v - 0*v + l, -30 = -3*f - 3*v. What is the highest common factor of f and 72?
9
Let l be 8/48*42 + 948. What is the greatest common divisor of 10 and l?
5
Let w(c) = c**3 - 21*c**2 + 52*c + 38. Let d be w(18). Calculate the highest common divisor of 5 and d.
1
Let g be 144/(0 - (-6)/4). Let o(y) = -6*y + 48. Let n be o(6). Calculate the greatest common factor of g and n.
12
Suppose -6*o = q - 2*o + 60, -q + 3*o - 46 = 0. Let p = q + 62. What is the highest common factor of 50 and p?
10
Let l(j) = -2*j**3 - 4*j**2 + 7*j + 6. Let u be l(-4). What is the highest common factor of u and 70?
14
Let g(c) = -c**3 + 4*c + 5. Let w be g(-1). Calculate the greatest common divisor of 11 and w.
1
Let o be -10 + 770/33*39. What is the highest common factor of 200 and o?
100
Let o = 203 + -197. Calculate the highest common divisor of 78 and o.
6
Suppose 5*t - 6658 = -4*a, 4*t + 3*a - 5327 = -0*a. What is the highest common factor of t and 46?
46
Let p be (-4)/20 + (-106)/(-5). Suppose 4 = -a + 11. What is the greatest common factor of p and a?
7
Let s = -56 + 85. Suppose -7*r - 43384 = -143*r. What is the highest common divisor of s and r?
29
Suppose 5*d - 182 = -2*d. Suppose -f - s = s + 2, -d = -f + 5*s. Let h = -60 - -102. Calculate the highest common divisor of f and h.
6
Suppose 3*p - 1010 = -2*m, 3*p - 4*m - 1014 + 10 = 0. Calculate the greatest common divisor of p and 189.
21
Suppose 83 = 78*b + 5. What is the highest common factor of 277 and b?
1
Let j be (-3*45/27)/((-2)/40). What is the greatest common factor of 225 and j?
25
Let h be (380/8)/(7/14). Calculate the greatest common factor of 855 and h.
95
Let y(r) = -r + 147. Let i be y(19). What is the highest common factor of i and 80?
16
Let z(r) = 3*r - 27. Suppose 0*c + c = 12. Let t be z(c). Calculate the highest common divisor of t and 15.
3
Suppose -a - 2*a - j = -14, -a + 2*j + 14 = 0. Let u = 7 + -7. Let o be (-1122)/(-17) + u + 0. Calculate the highest common factor of o and a.
6
Let m be (-4)/(-16)*-39 - 2/8. Let h be 8 + -3 - 1 - m. Calculate the greatest common divisor of h and 42.
14
Let j = -23 + 25. What is the greatest common divisor of j and 50?
2
Let l = -1687 + 1751. Calculate the highest common divisor of l and 1216.
64
Suppose 1021 = 6*x - x + 4*c, -x - 4*c = -201. Calculate the highest common factor of 82 and x.
41
Let j(s) = 16*s + 8. Let p be j(7). Suppose -11*m + 10*m + 32 = 3*x, 20 = 5*x. What is the highest common factor of p and m?
20
Let j = -6 + -23. Let x = j + 35. What is the greatest common factor of 48 and x?
6
Let p(o) = o - 9. Let q be p(9). Suppose q = -5*c - 20, t + 2*c = -2*t + 142. Calculate the highest common factor of 10 and t.
10
Suppose -5*w + 2*g + 9902 = 0, 23*w - g = 24*w - 1979. What is the greatest common factor of w and 22?
22
Let c(t) = t - 4. Let x be c(6). Let s(v) = v**3 + 12*v**2 + 21*v - 2. Let r be s(-6). Suppose r = x*q + 2*q. What is the highest common divisor of q and 66?
22
Let h = -31 + 53. Suppose t + h = 25. What is the greatest common divisor of t and 12?
3
Let c(z) = 15*z**2 - 3*z + 2. Let n be c(2). Suppose 5*o = -5*b + 100, 19*b = -5*o + 21*b + 128. What is the highest common factor of o and n?
8
Let u = 453 - 327. Calculate the greatest common factor of u and 56.
14
Let a(h) = -60*h - 104. Let n be a(-5). Calculate the highest common factor of 28 and n.
28
Let o(l) = -9*l - 134. Let j be o(-16). Calculate the highest common factor of 160 and j.
10
Suppose 16*t = -18*t + 1156. Calculate the greatest common divisor of t and 646.
34
Suppose 58 - 26 = 8*c. Calculate the highest common factor of c and 22.
2
Let y be (4/16)/((-6)/(-8))*195. Let t = y + -52. What is the greatest common factor of 52 and t?
13
Let c be (-8)/(-2) + (121 - 0). Let g = c - -35. What is the highest common divisor of g and 20?
20
Let s(y) = y**3 + 22*y**2 - 24*y + 22. Let c be s(-23). Let i = 110 + -101. What is the highest common divisor of i and c?
9
Let m(j) = -j**2 - 3*j + 30. Let o be m(-7). Suppose o = 5*i - 33. What is the highest common factor of i and 63?
7
Suppose 3*m = 710 - 149. Suppose 263 + m = 5*b. Suppose 4*k - 40 = -2*o, -k - 4*o + 10 = -2*o. Calculate the greatest common divisor of k and b.
10
Let c be -7*(-42 + 0 - -3). Let o = 5 + 34. Calculate the greatest common factor of c and o.
39
Let v be 1 + (-35)/45 - (-248)/18. What is the greatest common divisor of v and 784?
14
Let t(g) = g**2 + 3*g - 1. Let x = 19 - 23. Let l be t(x). What is the highest common divisor of l and 27?
3
Let w be (-28)/(-21)*(-1 + 10). Let r(x) = -5 + w + 37*x**2 - 35*x**2 - 7*x. Let g be r(5). Calculate the greatest common divisor of 55 and g.
11
Suppose -1940 = -16*f - 4*f. What is the greatest common divisor of f and 1164?
97
Suppose 1411 = 3*y + 14*y. Suppose 5*i - 12 = y. Calculate the highest common divisor of i and 209.
19
Let k(f) = -20*f - 4. Let j be k(4). Let m be 1768/3*j/8. Let q be 2/(-11) - m/154. Calculate the highest common factor of q and 5.
5
Suppose -5*o - 6 = -26. Let t = 48 + o. Calculate the greatest common factor of 26 and t.
26
Let t = -6 - -6. Suppose t = 4*z - 109 + 9. What is the highest common divisor of z and 175?
25
Let v = -243 + 366. What is the highest common divisor of v and 246?
123
Suppose 2*j + 65 - 161 = 0. Suppose 2*d - 4*t - j = 0, 2 = -3*t + 17. What is the highest common factor of 119 and d?
17
Let u(k) = -k**3 + k**2 + 2*k - 1. Let g be u(-2). Let s be 74 - (0 + (-12)/(-3)). Calculate the greatest common factor of s and g.
7
Let o be (2/(-4)*75)/(63/(-84)). Suppose -122 = -4*w - o. Calculate the highest common factor of w and 117.
9
Let p be 9 + (-8 - -1) + (-3 - -160). What is the highest common divisor of p and 3?
3
Let q = 3 + 2. Suppose -3*a + 14 = r - 0*a, -q*r - 3*a = -34. Let m be (-7)/(-35) - (-49)/r. What is the highest common factor of m and 10?
10
Suppose 4*p - 4*r = -7*r + 14, -r = -2*p + 12. Suppose -p*w + 30 = 5*k - 2*k, -2*k + 4*w = -42. What is the highest common divisor of 6 and k?
3
Let v = 15 + -9. Let r = -14 + 34. Let j = 29 - r. Calculate the greatest common divisor of v and j.
3
Let t = 2 - 9. Let q be 0/(3 + (t - -2)). Suppose q = -v - 4*v + 30. What is the greatest common factor of v and 18?
6
Suppose 0 = 4*y - 2*i - 34 - 50, 2*y - 5*i - 26 = 0. Suppose -3*r = p - 25, -3*p + 90 = r + y. Calculate the highest common factor of 242 and p.
22
Suppose 0*h - 6*h = -h - 45. Let g be 67*(-2 + 2 + -1). Let a = g - -139. What is the greatest common factor of a and h?
9
Suppose -9*o = -1530 - 252. What is the greatest common divisor of o and 162?
18
Let f = -27 + 41. Suppose 42*h + 1227 = 3579. What is the greatest common divisor of h and f?
14
Let c = -139 - -348. Suppose 5*g - 15*g - 10*g = -380. What is the highest common divisor of g and c?
19
Let h(j) = 2*j + 40. Let i be h(-18). Suppose -48 = -3*v - v + 3*l, -52 = -i*v + 4*l. Calculate the greatest common factor of v and 18.
9
Let r = 67 - 28. Calculate the greatest common divisor of r and 39.
39
Suppose 2*f + 3 = -3*q, 3*f - q = -5 + 17. Let u(t) = 158*t + 2. Let o be u(f). Suppose -4*z - o = -8*z. Calculate the highest common divisor of z and 17.
17
Suppose -7*u + 52 = -312. What is the highest common divisor of 104 and 